{"id":2,"date":"2019-03-16T23:17:54","date_gmt":"2019-03-16T22:17:54","guid":{"rendered":"http:\/\/velvetvoices.at\/?page_id=2"},"modified":"2023-03-24T13:24:45","modified_gmt":"2023-03-24T12:24:45","slug":"ueber-uns","status":"publish","type":"page","link":"https:\/\/www.velvetvoices.at\/?page_id=2","title":{"rendered":"\u00dcber uns"},"content":{"rendered":"\r\n<p style=\"font-size: 0;\"><strong>Velvet Voices<\/strong> konzertierten j\u00e4hrlich mit ca. 60 Konzerten in Europa auf a-cappella- und Jazz-Festivals, in Konzerth\u00e4usern (z.B. Bregenzer Festspielhaus (A), Palace of Art (H)\u2026), Jazzclubs (u.a. Porgy &amp; Bess, Wien) und Theatern. 2002 und 2007 gewannen Sie zwei Mal eine Goldplatzierung beim internationalem Ward Swingle Award. Ihre Konzerte wurden mehrfachvom ORF (\u00d61) live \u00fcbertragen, mit Louise Martini traten Velvet Voices im Volkstheater und den Kammerspielen auf.<\/p>\r\n\r\n\r\n\r\n<p><strong>Velvet Voices<\/strong> konzertierten j\u00e4hrlich mit ca. 60 Konzerten in Europa auf a-cappella- und Jazz-Festivals, in Konzerth\u00e4usern (z.B. Bregenzer Festspielhaus (A), Palace of Art (H) \u2026), Jazzclubs (u.a. Porgy &amp; Bess, Wien) und Theatern. <br \/>Sie gewannen zwei Mal eine Goldplatzierung beim internationalem Ward Swingle Award. Ihre Konzerte wurden mehrfach vom ORF (\u00d61) live \u00fcbertragen, mit Louise Martini traten Velvet Voices im Volkstheater und den Kammerspielen auf.<\/p>\r\n\r\n\r\n\r\n<div class=\"wp-block-spacer\" style=\"height: 37px;\" aria-hidden=\"true\">\u00a0<\/div>\r\n\r\n\r\n\r\n<h3 style=\"text-align: center;\"><strong>Velvet Voices sind &#8230;<\/strong><\/h3>\r\n\r\n\r\n\r\n<ul class=\"is-layout-flex wp-block-gallery-1 wp-block-gallery columns-3 is-cropped\">\r\n<li class=\"blocks-gallery-item\">\r\n<figure><img decoding=\"async\" loading=\"lazy\" width=\"794\" height=\"1024\" class=\"wp-image-655\" src=\"https:\/\/www.velvetvoices.at\/wp-content\/uploads\/2019\/04\/thumb_cleale-20901_1024-794x1024.jpg\" alt=\"\" data-id=\"655\" data-link=\"https:\/\/www.velvetvoices.at\/ueber-uns\/thumb_cleale-20901_1024\/\" srcset=\"https:\/\/www.velvetvoices.at\/wp-content\/uploads\/2019\/04\/thumb_cleale-20901_1024.jpg 794w, https:\/\/www.velvetvoices.at\/wp-content\/uploads\/2019\/04\/thumb_cleale-20901_1024-233x300.jpg 233w, https:\/\/www.velvetvoices.at\/wp-content\/uploads\/2019\/04\/thumb_cleale-20901_1024-768x990.jpg 768w\" sizes=\"(max-width: 767px) 89vw, (max-width: 1000px) 54vw, (max-width: 1071px) 543px, 580px\" \/><\/figure>\r\n<\/li>\r\n<li class=\"blocks-gallery-item\">\r\n<figure><img decoding=\"async\" loading=\"lazy\" width=\"797\" height=\"1024\" class=\"wp-image-656\" src=\"https:\/\/www.velvetvoices.at\/wp-content\/uploads\/2019\/04\/cleale-12024-797x1024.jpeg\" alt=\"\" data-id=\"656\" data-link=\"https:\/\/www.velvetvoices.at\/ueber-uns\/cleale-12024\/\" srcset=\"https:\/\/www.velvetvoices.at\/wp-content\/uploads\/2019\/04\/cleale-12024-797x1024.jpeg 797w, https:\/\/www.velvetvoices.at\/wp-content\/uploads\/2019\/04\/cleale-12024-233x300.jpeg 233w, https:\/\/www.velvetvoices.at\/wp-content\/uploads\/2019\/04\/cleale-12024-768x987.jpeg 768w, https:\/\/www.velvetvoices.at\/wp-content\/uploads\/2019\/04\/cleale-12024.jpeg 1701w\" sizes=\"(max-width: 767px) 89vw, (max-width: 1000px) 54vw, (max-width: 1071px) 543px, 580px\" \/><\/figure>\r\n<\/li>\r\n<li class=\"blocks-gallery-item\">\r\n<figure><img decoding=\"async\" loading=\"lazy\" width=\"827\" height=\"1024\" class=\"wp-image-662\" src=\"https:\/\/www.velvetvoices.at\/wp-content\/uploads\/2019\/04\/thumb_cleale-11979_1024-1-827x1024.jpg\" alt=\"\" data-id=\"662\" data-link=\"https:\/\/www.velvetvoices.at\/ueber-uns\/thumb_cleale-11979_1024-2\/\" srcset=\"https:\/\/www.velvetvoices.at\/wp-content\/uploads\/2019\/04\/thumb_cleale-11979_1024-1.jpg 827w, https:\/\/www.velvetvoices.at\/wp-content\/uploads\/2019\/04\/thumb_cleale-11979_1024-1-242x300.jpg 242w, https:\/\/www.velvetvoices.at\/wp-content\/uploads\/2019\/04\/thumb_cleale-11979_1024-1-768x951.jpg 768w\" sizes=\"(max-width: 767px) 89vw, (max-width: 1000px) 54vw, (max-width: 1071px) 543px, 580px\" \/><\/figure>\r\n<\/li>\r\n<\/ul>\r\n\r\n\r\n\r\n<div class=\"is-layout-flex wp-container-6 wp-block-columns has-3-columns\">\r\n<div class=\"is-layout-flow wp-block-column\">\r\n<p class=\"has-small-font-size\" style=\"text-align: center;\"><em> Irene Lang<\/em><br \/><br \/><\/p>\r\n<\/div>\r\n\r\n\r\n\r\n<div class=\"is-layout-flow wp-block-column\">\r\n<p class=\"has-small-font-size\" style=\"text-align: center;\"><em> Coretta Kurth<br \/><a href=\"http:\/\/www.corettakurth.at\">www.corettakurth.at<\/a><\/em><\/p>\r\n<\/div>\r\n\r\n\r\n\r\n<div class=\"is-layout-flow wp-block-column\">\r\n<p class=\"has-small-font-size\" style=\"text-align: center;\"><em> Miriam Fuchsberger<\/em><br \/><a href=\"https:\/\/www.vocalarts.at\"> www.vocalarts.at<\/a><\/p>\r\n<\/div>\r\n<\/div>\r\n\r\n\r\n<hr class=\"wp-block-separator\" \/>\r\n\r\n\r\n<div class=\"wp-block-spacer\" style=\"height: 20px;\" aria-hidden=\"true\">\u00a0<\/div>\r\n\r\n\r\n\r\n<div class=\"wp-block-media-text alignwide\">\r\n<figure class=\"wp-block-media-text__media\"><img decoding=\"async\" loading=\"lazy\" width=\"324\" height=\"216\" class=\"wp-image-420\" src=\"https:\/\/www.velvetvoices.at\/wp-content\/uploads\/2019\/03\/cleale-2430.jpeg\" alt=\"\" srcset=\"https:\/\/www.velvetvoices.at\/wp-content\/uploads\/2019\/03\/cleale-2430.jpeg 324w, https:\/\/www.velvetvoices.at\/wp-content\/uploads\/2019\/03\/cleale-2430-300x200.jpeg 300w\" sizes=\"(max-width: 324px) 100vw, 324px\" \/><\/figure>\r\n<div class=\"wp-block-media-text__content\">\r\n<p class=\"has-large-font-size\"><strong>zeitgem\u00e4\u00df<\/strong><\/p>\r\n<\/div>\r\n<\/div>\r\n\r\n\r\n\r\n<p>Im Programm \u201ezeitgem\u00e4\u00df\u201c stellen sich Velvet Voices die Frage was zeitgem\u00e4\u00df ist und ob sie \u00fcberhaupt zeitgem\u00e4\u00df sein wollen. Die neuen Arrangements von Pop- und Soulklassikern (u.a. Kool &amp; the Gang, Tina Turner, Aretha Franklin, Al Jarreau \u2026) haben in diesem Programm zum Teil deutsche Texte bekommen und treten den Beweis an, dass Jazzmusik durchaus zeitgem\u00e4\u00df ist.<\/p>\r\n\r\n\r\n\r\n<p>In der Leichtigkeit mit der die S\u00e4ngerinnen stimmakrobatische H\u00f6henfl\u00fcge absolvieren, h\u00f6rt man ihre leidenschaftliche Verbundenheit zur Musik in jeder Note.<\/p>\r\n\r\n\r\n\r\n<p>In diesem Konzert kann man sich zur\u00fccklehnen und genie\u00dfen oder aufstehen und tanzen.<\/p>\r\n\r\n\r\n<hr class=\"wp-block-separator\" \/>\r\n\r\n\r\n<div class=\"wp-block-spacer\" style=\"height: 46px;\" aria-hidden=\"true\">\u00a0<\/div>\r\n\r\n\r\n\r\n<div class=\"wp-block-media-text alignwide\">\r\n<figure class=\"wp-block-media-text__media\"><a href=\"https:\/\/www.velvetvoices.at\/wp-content\/uploads\/2022\/10\/Velvet-Xmas-Presse-3-.jpg\"><img decoding=\"async\" loading=\"lazy\" class=\"alignnone wp-image-962 size-medium\" src=\"https:\/\/www.velvetvoices.at\/wp-content\/uploads\/2022\/10\/Velvet-Xmas-Presse-3--300x169.jpg\" alt=\"\" width=\"300\" height=\"169\" srcset=\"https:\/\/www.velvetvoices.at\/wp-content\/uploads\/2022\/10\/Velvet-Xmas-Presse-3--300x169.jpg 300w, https:\/\/www.velvetvoices.at\/wp-content\/uploads\/2022\/10\/Velvet-Xmas-Presse-3--1024x576.jpg 1024w, https:\/\/www.velvetvoices.at\/wp-content\/uploads\/2022\/10\/Velvet-Xmas-Presse-3--768x432.jpg 768w, https:\/\/www.velvetvoices.at\/wp-content\/uploads\/2022\/10\/Velvet-Xmas-Presse-3--1536x864.jpg 1536w, https:\/\/www.velvetvoices.at\/wp-content\/uploads\/2022\/10\/Velvet-Xmas-Presse-3-.jpg 1920w\" sizes=\"(max-width: 300px) 100vw, 300px\" \/><\/a><\/figure>\r\n<div class=\"wp-block-media-text__content\">\r\n<p class=\"has-large-font-size\"><strong>in the mood 4 christmas<\/strong><\/p>\r\n<\/div>\r\n<\/div>\r\n\r\n\r\n\r\n<p>Im swingenden Weihnachtsprogramm\u00a0 der Velvet Voices haben neben american carols auch traditionelle Weihnachtslieder und Gospel ihren Platz gefunden. Ob \u201eRockin around the christmas tree \u201c oder\u00a0eine neue Fassung von \u201eStille Nacht\u201c, ob Gospelsound in \u201eSweet Spirit \u201c oder\u00a0 die Jazzballade \u00a0\u201ePeace on earth\u201c: \u00a0<br \/>Velvet Voices besticht durch selten geh\u00f6rte Transparenz der nuancierten Arrangements.<br \/>Was Sie h\u00f6ren ist Gesang de Luxe. Die drei S\u00e4ngerinnen beherrschen das Handwerk des intonationsreinen faszinierenden Gesanges mit eigener Handschrift aus dem FF, begleitet von ihrem Klaviertrio mit unverwechselbarem Stil!<\/p>\r\n\r\n\r\n\r\n<h2><strong>Credits Konzerte :\u00a0<\/strong><\/h2>\r\n\r\n\r\n\r\n<p>Goldplatzierung Ward Swingle Award 2002 und 2007<br \/>Volkstheaterproduktion Nylons Swing und Chesterfield mit Louise Martini \u00a02005 und 2009 Wiener Kammerspiele Porgy und Bess, Wien\u00a0 <br \/>Bregenzer Festspielhaus Palace of Art, Budapest\u00a0 Radiokulturhaus (Live\u00fcbertragung, CD Pr\u00e4sentation)\u00a0 <br \/><br \/><strong>Credits Gala: <\/strong> <br \/>Bundeskanzlerfest Redoutens\u00e4\u00e4le Wien\u00a0 Ball, Hofburg Steirische Wirtschaftskammer Falkensteiner Hotel\u00a0 Grand Hotel Wiesler \u2026.<\/p>\r\n\r\n\r\n\r\n<p><strong><br \/>Diskographie:<br \/><\/strong><\/p>\r\n\r\n\r\n\r\n<ul>\r\n<li>Christmas Songs<\/li>\r\n<li>Nylons, Swing &amp; Chesterfield, Extraplatte<\/li>\r\n<li>And So It Goes, Extraplatte<\/li>\r\n<li>Essence, Extraplatte<\/li>\r\n<li>In the mood 4 Christmas, Extraplatte<\/li>\r\n<li>Vocal Pearls, Extraplatte<\/li>\r\n<\/ul>\r\n","protected":false},"excerpt":{"rendered":"<p>Velvet Voices konzertierten j\u00e4hrlich mit ca. 60 Konzerten in Europa auf a-cappella- und Jazz-Festivals, in Konzerth\u00e4usern (z.B. Bregenzer Festspielhaus (A), Palace of Art (H)\u2026), Jazzclubs (u.a. Porgy &amp; Bess, Wien) und Theatern. 2002 und 2007 gewannen Sie zwei Mal eine Goldplatzierung beim internationalem Ward Swingle Award. Ihre Konzerte wurden mehrfachvom ORF (\u00d61) live \u00fcbertragen, mit &hellip; <\/p>\n<p class=\"link-more\"><a href=\"https:\/\/www.velvetvoices.at\/?page_id=2\" class=\"more-link\"><span class=\"screen-reader-text\">\u201e\u00dcber uns\u201c<\/span> weiterlesen<\/a><\/p>\n","protected":false},"author":4,"featured_media":0,"parent":0,"menu_order":0,"comment_status":"closed","ping_status":"closed","template":"","meta":[],"_links":{"self":[{"href":"https:\/\/www.velvetvoices.at\/index.php?rest_route=\/wp\/v2\/pages\/2"}],"collection":[{"href":"https:\/\/www.velvetvoices.at\/index.php?rest_route=\/wp\/v2\/pages"}],"about":[{"href":"https:\/\/www.velvetvoices.at\/index.php?rest_route=\/wp\/v2\/types\/page"}],"author":[{"embeddable":true,"href":"https:\/\/www.velvetvoices.at\/index.php?rest_route=\/wp\/v2\/users\/4"}],"replies":[{"embeddable":true,"href":"https:\/\/www.velvetvoices.at\/index.php?rest_route=%2Fwp%2Fv2%2Fcomments&post=2"}],"version-history":[{"count":51,"href":"https:\/\/www.velvetvoices.at\/index.php?rest_route=\/wp\/v2\/pages\/2\/revisions"}],"predecessor-version":[{"id":988,"href":"https:\/\/www.velvetvoices.at\/index.php?rest_route=\/wp\/v2\/pages\/2\/revisions\/988"}],"wp:attachment":[{"href":"https:\/\/www.velvetvoices.at\/index.php?rest_route=%2Fwp%2Fv2%2Fmedia&parent=2"}],"curies":[{"name":"wp","href":"https:\/\/api.w.org\/{rel}","templated":true}]}}